{"id":45,"date":"2021-01-28T18:22:07","date_gmt":"2021-01-28T17:22:07","guid":{"rendered":"https:\/\/teste49410456.wordpress.com\/?page_id=45"},"modified":"2024-07-30T15:14:00","modified_gmt":"2024-07-30T19:14:00","slug":"historique","status":"publish","type":"page","link":"https:\/\/centrelouisebibeau.com\/index.php\/historique\/","title":{"rendered":"Historique"},"content":{"rendered":"\n<div class=\"wp-block-media-text has-media-on-the-right is-stacked-on-mobile is-vertically-aligned-center\" style=\"grid-template-columns:auto 24%\"><div class=\"wp-block-media-text__content\">\n<p class=\"has-text-align-left\"><\/p>\n\n\n\n<p><strong>Soeur Louise Bibeau <\/strong>est une figure embl\u00e9matique au sein de la communaut\u00e9 des Soeurs Saint-Joseph de Saint-Hyacinthe. En 1979, son d\u00e9vouement et sa compassion l&rsquo;ont conduite \u00e0 \u00eatre approch\u00e9e par l&rsquo;Association des parents d&rsquo;enfants handicap\u00e9s (APEH) avec une vision ambitieuse : cr\u00e9er un espace de r\u00e9pit d\u00e9di\u00e9 aux besoins des familles et de leurs enfants vivant avec une d\u00e9ficience intellectuelle.<\/p>\n\n\n\n<p>L&rsquo;impact de Soeur Bibeau va bien au-del\u00e0 de la cr\u00e9ation d&rsquo;un simple \u00e9tablissement. Elle a \u00e9t\u00e9 une pionni\u00e8re dans le domaine, plaidant pour une meilleure int\u00e9gration des personnes handicap\u00e9es dans la soci\u00e9t\u00e9 et d\u00e9fendant leurs droits.<\/p>\n<\/div><figure class=\"wp-block-media-text__media\"><img loading=\"lazy\" decoding=\"async\" width=\"648\" height=\"956\" src=\"https:\/\/centrelouisebibeau.com\/wp-content\/uploads\/2024\/07\/Capture-decran-le-2024-07-20-a-16.40.52.png\" alt=\"\" class=\"wp-image-1457 size-full\" srcset=\"https:\/\/centrelouisebibeau.com\/wp-content\/uploads\/2024\/07\/Capture-decran-le-2024-07-20-a-16.40.52.png 648w, https:\/\/centrelouisebibeau.com\/wp-content\/uploads\/2024\/07\/Capture-decran-le-2024-07-20-a-16.40.52-203x300.png 203w, https:\/\/centrelouisebibeau.com\/wp-content\/uploads\/2024\/07\/Capture-decran-le-2024-07-20-a-16.40.52-41x60.png 41w\" sizes=\"auto, (max-width: 648px) 100vw, 648px\" \/><\/figure><\/div>\n\n\n\n<hr class=\"wp-block-separator has-alpha-channel-opacity\"\/>\n\n\n\n<div class=\"wp-block-cover is-light\" style=\"min-height:62px;aspect-ratio:unset;\"><span aria-hidden=\"true\" class=\"wp-block-cover__background has-background-dim\" style=\"background-color:#f0f8f6\"><\/span><img loading=\"lazy\" decoding=\"async\" width=\"1018\" height=\"100\" class=\"wp-block-cover__image-background wp-image-1453\" alt=\"\" src=\"https:\/\/centrelouisebibeau.com\/wp-content\/uploads\/2024\/07\/Capture-decran-le-2024-07-19-a-14.20.05-2.png\" data-object-fit=\"cover\" srcset=\"https:\/\/centrelouisebibeau.com\/wp-content\/uploads\/2024\/07\/Capture-decran-le-2024-07-19-a-14.20.05-2.png 1018w, https:\/\/centrelouisebibeau.com\/wp-content\/uploads\/2024\/07\/Capture-decran-le-2024-07-19-a-14.20.05-2-300x29.png 300w, https:\/\/centrelouisebibeau.com\/wp-content\/uploads\/2024\/07\/Capture-decran-le-2024-07-19-a-14.20.05-2-768x75.png 768w, https:\/\/centrelouisebibeau.com\/wp-content\/uploads\/2024\/07\/Capture-decran-le-2024-07-19-a-14.20.05-2-600x60.png 600w\" sizes=\"auto, (max-width: 1018px) 100vw, 1018px\" \/><div class=\"wp-block-cover__inner-container is-layout-flow wp-block-cover-is-layout-flow\">\n<div class=\"wp-block-group\"><div class=\"wp-block-group__inner-container is-layout-constrained wp-block-group-is-layout-constrained\">\n<details class=\"wp-block-details is-layout-flow wp-block-details-is-layout-flow\"><summary>1979-Fondation<\/summary>\n<p>Depuis longtemps, les parents membres de l&rsquo;APEH portaient le r\u00eave d&rsquo;un lieu adapt\u00e9 o\u00f9 leurs enfants pourraient \u00eatre accueillis, que ce soit pour une journ\u00e9e, un week-end, ou m\u00eame pendant les vacances. Louise Bibeau prit ce r\u00eave \u00e0 c\u0153ur et s&rsquo;engagea pleinement lors de la concr\u00e9tisation de ce projet.<\/p>\n<\/details>\n<\/div><\/div>\n<\/div><\/div>\n\n\n\n<hr class=\"wp-block-separator has-alpha-channel-opacity\"\/>\n\n\n\n<details class=\"wp-block-details is-layout-flow wp-block-details-is-layout-flow\"><summary>1980- Premi\u00e8re maison<\/summary>\n<p class=\"has-text-align-left\">Avec le soutien financier des Soeurs Saint-Joseph, l\u2019APEH a fait l&rsquo;acquisition de la premi\u00e8re maison destin\u00e9e \u00e0 devenir le centre actuel connu alors sous le nom \u00ab \u00c0 l\u2019Arc-en-Ciel \u00bb. Soeur Bibeau a pris les r\u00eanes de la direction d\u00e8s sa cr\u00e9ation et a occup\u00e9 ce poste jusqu&rsquo;\u00e0 son d\u00e9c\u00e8s en 1989.<\/p>\n<\/details>\n\n\n\n<hr class=\"wp-block-separator has-alpha-channel-opacity\"\/>\n\n\n\n<div class=\"wp-block-cover is-light\" style=\"min-height:50px;aspect-ratio:unset;\"><span aria-hidden=\"true\" class=\"wp-block-cover__background has-background-dim\" style=\"background-color:#f0f8f6\"><\/span><img loading=\"lazy\" decoding=\"async\" width=\"1018\" height=\"100\" class=\"wp-block-cover__image-background wp-image-1432\" alt=\"\" src=\"https:\/\/centrelouisebibeau.com\/wp-content\/uploads\/2024\/07\/Capture-decran-le-2024-07-19-a-14.20.05.png\" data-object-fit=\"cover\" srcset=\"https:\/\/centrelouisebibeau.com\/wp-content\/uploads\/2024\/07\/Capture-decran-le-2024-07-19-a-14.20.05.png 1018w, https:\/\/centrelouisebibeau.com\/wp-content\/uploads\/2024\/07\/Capture-decran-le-2024-07-19-a-14.20.05-300x29.png 300w, https:\/\/centrelouisebibeau.com\/wp-content\/uploads\/2024\/07\/Capture-decran-le-2024-07-19-a-14.20.05-768x75.png 768w, https:\/\/centrelouisebibeau.com\/wp-content\/uploads\/2024\/07\/Capture-decran-le-2024-07-19-a-14.20.05-600x60.png 600w\" sizes=\"auto, (max-width: 1018px) 100vw, 1018px\" \/><div class=\"wp-block-cover__inner-container is-layout-flow wp-block-cover-is-layout-flow\">\n<div class=\"wp-block-group\"><div class=\"wp-block-group__inner-container is-layout-constrained wp-block-group-is-layout-constrained\">\n<details class=\"wp-block-details is-layout-flow wp-block-details-is-layout-flow\"><summary>1990- Meilleure r\u00e9sidence<\/summary>\n<p>La maison \u00ab \u00c0 l\u2019Arc-en-Ciel \u00bb d\u00e9m\u00e9nage de la rue Papineau \u00e0 Saint-Hyacinthe vers une r\u00e9sidence mieux adapt\u00e9e aux besoins des b\u00e9n\u00e9ficiaires.<\/p>\n<\/details>\n<\/div><\/div>\n<\/div><\/div>\n\n\n\n<hr class=\"wp-block-separator has-alpha-channel-opacity\"\/>\n\n\n\n<details class=\"wp-block-details is-layout-flow wp-block-details-is-layout-flow\"><summary>1991- Changement de nom<\/summary>\n<p>\u00ab \u00c0 l\u2019Arc-en-Ciel \u00bb est rebaptis\u00e9 \u00ab Centre Louise Bibeau Inc \u00bb. L\u2019APEH confie \u00e0 cette nouvelle corporation sans but lucratif la gestion du Centre de r\u00e9pit-d\u00e9pannage.<\/p>\n<\/details>\n\n\n\n<hr class=\"wp-block-separator has-alpha-channel-opacity\"\/>\n\n\n\n<div class=\"wp-block-cover is-light\" style=\"min-height:62px;aspect-ratio:unset;\"><span aria-hidden=\"true\" class=\"wp-block-cover__background has-background-dim\" style=\"background-color:#f0f8f6\"><\/span><img loading=\"lazy\" decoding=\"async\" width=\"1018\" height=\"100\" class=\"wp-block-cover__image-background wp-image-1476\" alt=\"\" src=\"https:\/\/centrelouisebibeau.com\/wp-content\/uploads\/2024\/07\/Capture-decran-le-2024-07-19-a-14.20.05-3.png\" data-object-fit=\"cover\" srcset=\"https:\/\/centrelouisebibeau.com\/wp-content\/uploads\/2024\/07\/Capture-decran-le-2024-07-19-a-14.20.05-3.png 1018w, https:\/\/centrelouisebibeau.com\/wp-content\/uploads\/2024\/07\/Capture-decran-le-2024-07-19-a-14.20.05-3-300x29.png 300w, https:\/\/centrelouisebibeau.com\/wp-content\/uploads\/2024\/07\/Capture-decran-le-2024-07-19-a-14.20.05-3-768x75.png 768w, https:\/\/centrelouisebibeau.com\/wp-content\/uploads\/2024\/07\/Capture-decran-le-2024-07-19-a-14.20.05-3-600x60.png 600w\" sizes=\"auto, (max-width: 1018px) 100vw, 1018px\" \/><div class=\"wp-block-cover__inner-container is-layout-flow wp-block-cover-is-layout-flow\">\n<div class=\"wp-block-group\"><div class=\"wp-block-group__inner-container is-layout-constrained wp-block-group-is-layout-constrained\">\n<details class=\"wp-block-details is-layout-flow wp-block-details-is-layout-flow\"><summary>2001- R\u00e9novation du milieu<\/summary>\n<p>Dans le cadre de notre engagement \u00e0 fournir un environnement adapt\u00e9, un nouveau projet \u00e9mergera : celui d&rsquo;adapter la maison de la rue Payan. \u00c9tant donn\u00e9 que les r\u00e8glements de zonage de la ville ne permettent pas de modifications, nous envisagerons la construction d&rsquo;une nouvelle maison.<\/p>\n<\/details>\n<\/div><\/div>\n<\/div><\/div>\n\n\n\n<hr class=\"wp-block-separator has-alpha-channel-opacity\"\/>\n\n\n\n<details class=\"wp-block-details is-layout-flow wp-block-details-is-layout-flow\"><summary>2006- Construction de la nouvelle maison<\/summary>\n<p>Apr\u00e8s plusieurs ann\u00e9es de planification et de collecte de fonds, la nouvelle maison sur la rue Mailhot voit le jour le 18 d\u00e9cembre 2006.<\/p>\n<\/details>\n\n\n\n<hr class=\"wp-block-separator has-alpha-channel-opacity\"\/>\n\n\n<div class=\"wp-block-image is-resized\">\n<figure class=\"aligncenter size-large\"><img loading=\"lazy\" decoding=\"async\" width=\"1400\" height=\"1400\" src=\"https:\/\/centrelouisebibeau.com\/wp-content\/uploads\/2021\/01\/centrelouisebibeau_logo_maison.jpg?w=1024\" alt=\"\" class=\"wp-image-102\" style=\"width:220px;height:auto\" srcset=\"https:\/\/centrelouisebibeau.com\/wp-content\/uploads\/2021\/01\/centrelouisebibeau_logo_maison.jpg 1400w, https:\/\/centrelouisebibeau.com\/wp-content\/uploads\/2021\/01\/centrelouisebibeau_logo_maison-300x300.jpg 300w, https:\/\/centrelouisebibeau.com\/wp-content\/uploads\/2021\/01\/centrelouisebibeau_logo_maison-1024x1024.jpg 1024w, https:\/\/centrelouisebibeau.com\/wp-content\/uploads\/2021\/01\/centrelouisebibeau_logo_maison-150x150.jpg 150w, https:\/\/centrelouisebibeau.com\/wp-content\/uploads\/2021\/01\/centrelouisebibeau_logo_maison-768x768.jpg 768w\" sizes=\"auto, (max-width: 1400px) 100vw, 1400px\" \/><\/figure>\n<\/div>\n\n\n<details class=\"wp-block-details is-layout-flow wp-block-details-is-layout-flow\"><summary><\/summary>\n<p><\/p>\n<\/details>\n","protected":false},"excerpt":{"rendered":"<p>Soeur Louise Bibeau est une figure embl\u00e9matique au sein de la communaut\u00e9 des Soeurs Saint-Joseph de Saint-Hyacinthe. En 1979, son d\u00e9vouement et sa compassion l&rsquo;ont conduite \u00e0 \u00eatre approch\u00e9e par l&rsquo;Association des parents d&rsquo;enfants handicap\u00e9s (APEH) avec une vision ambitieuse : cr\u00e9er un espace de r\u00e9pit d\u00e9di\u00e9 aux besoins des familles et de leurs enfants vivant avec une d\u00e9ficience intellectuelle. &hellip; <\/p>\n","protected":false},"author":1,"featured_media":0,"parent":0,"menu_order":0,"comment_status":"closed","ping_status":"closed","template":"","meta":{"footnotes":""},"class_list":["post-45","page","type-page","status-publish","hentry"],"yoast_head":"<!-- This site is optimized with the Yoast SEO plugin v22.0 - https:\/\/yoast.com\/wordpress\/plugins\/seo\/ -->\n<title>Historique -<\/title>\n<meta name=\"robots\" content=\"index, follow, max-snippet:-1, max-image-preview:large, max-video-preview:-1\" \/>\n<link rel=\"canonical\" href=\"https:\/\/centrelouisebibeau.com\/index.php\/historique\/\" \/>\n<meta property=\"og:locale\" content=\"fr_FR\" \/>\n<meta property=\"og:type\" content=\"article\" \/>\n<meta property=\"og:title\" content=\"Historique -\" \/>\n<meta property=\"og:description\" content=\"Soeur Louise Bibeau est une figure embl\u00e9matique au sein de la communaut\u00e9 des Soeurs Saint-Joseph de Saint-Hyacinthe. En 1979, son d\u00e9vouement et sa compassion l&rsquo;ont conduite \u00e0 \u00eatre approch\u00e9e par l&rsquo;Association des parents d&rsquo;enfants handicap\u00e9s (APEH) avec une vision ambitieuse : cr\u00e9er un espace de r\u00e9pit d\u00e9di\u00e9 aux besoins des familles et de leurs enfants vivant avec une d\u00e9ficience intellectuelle. &hellip;\" \/>\n<meta property=\"og:url\" content=\"https:\/\/centrelouisebibeau.com\/index.php\/historique\/\" \/>\n<meta property=\"article:modified_time\" content=\"2024-07-30T19:14:00+00:00\" \/>\n<meta property=\"og:image\" content=\"https:\/\/centrelouisebibeau.com\/wp-content\/uploads\/2024\/07\/Capture-decran-le-2024-07-20-a-16.40.52.png\" \/>\n<meta name=\"twitter:card\" content=\"summary_large_image\" \/>\n<meta name=\"twitter:label1\" content=\"Dur\u00e9e de lecture estim\u00e9e\" \/>\n\t<meta name=\"twitter:data1\" content=\"3 minutes\" \/>\n<script type=\"application\/ld+json\" class=\"yoast-schema-graph\">{\"@context\":\"https:\/\/schema.org\",\"@graph\":[{\"@type\":\"WebPage\",\"@id\":\"https:\/\/centrelouisebibeau.com\/index.php\/historique\/\",\"url\":\"https:\/\/centrelouisebibeau.com\/index.php\/historique\/\",\"name\":\"Historique -\",\"isPartOf\":{\"@id\":\"https:\/\/centrelouisebibeau.com\/#website\"},\"datePublished\":\"2021-01-28T17:22:07+00:00\",\"dateModified\":\"2024-07-30T19:14:00+00:00\",\"breadcrumb\":{\"@id\":\"https:\/\/centrelouisebibeau.com\/index.php\/historique\/#breadcrumb\"},\"inLanguage\":\"fr-FR\",\"potentialAction\":[{\"@type\":\"ReadAction\",\"target\":[\"https:\/\/centrelouisebibeau.com\/index.php\/historique\/\"]}]},{\"@type\":\"BreadcrumbList\",\"@id\":\"https:\/\/centrelouisebibeau.com\/index.php\/historique\/#breadcrumb\",\"itemListElement\":[{\"@type\":\"ListItem\",\"position\":1,\"name\":\"Accueil\",\"item\":\"https:\/\/centrelouisebibeau.com\/\"},{\"@type\":\"ListItem\",\"position\":2,\"name\":\"Historique\"}]},{\"@type\":\"WebSite\",\"@id\":\"https:\/\/centrelouisebibeau.com\/#website\",\"url\":\"https:\/\/centrelouisebibeau.com\/\",\"name\":\"centrelouisebibeau.com\",\"description\":\"Maison de r\u00e9pit en Mont\u00e9r\u00e9gie\",\"publisher\":{\"@id\":\"https:\/\/centrelouisebibeau.com\/#organization\"},\"potentialAction\":[{\"@type\":\"SearchAction\",\"target\":{\"@type\":\"EntryPoint\",\"urlTemplate\":\"https:\/\/centrelouisebibeau.com\/?s={search_term_string}\"},\"query-input\":\"required name=search_term_string\"}],\"inLanguage\":\"fr-FR\"},{\"@type\":\"Organization\",\"@id\":\"https:\/\/centrelouisebibeau.com\/#organization\",\"name\":\"Centre Louise Bibeau\",\"url\":\"https:\/\/centrelouisebibeau.com\/\",\"logo\":{\"@type\":\"ImageObject\",\"inLanguage\":\"fr-FR\",\"@id\":\"https:\/\/centrelouisebibeau.com\/#\/schema\/logo\/image\/\",\"url\":\"https:\/\/centrelouisebibeau.com\/wp-content\/uploads\/2024\/01\/cropped-cropped-cropped-Birthday-3-e1705004303694-1.png\",\"contentUrl\":\"https:\/\/centrelouisebibeau.com\/wp-content\/uploads\/2024\/01\/cropped-cropped-cropped-Birthday-3-e1705004303694-1.png\",\"width\":350,\"height\":350,\"caption\":\"Centre Louise Bibeau\"},\"image\":{\"@id\":\"https:\/\/centrelouisebibeau.com\/#\/schema\/logo\/image\/\"}}]}<\/script>\n<!-- \/ Yoast SEO plugin. -->","yoast_head_json":{"title":"Historique -","robots":{"index":"index","follow":"follow","max-snippet":"max-snippet:-1","max-image-preview":"max-image-preview:large","max-video-preview":"max-video-preview:-1"},"canonical":"https:\/\/centrelouisebibeau.com\/index.php\/historique\/","og_locale":"fr_FR","og_type":"article","og_title":"Historique -","og_description":"Soeur Louise Bibeau est une figure embl\u00e9matique au sein de la communaut\u00e9 des Soeurs Saint-Joseph de Saint-Hyacinthe. En 1979, son d\u00e9vouement et sa compassion l&rsquo;ont conduite \u00e0 \u00eatre approch\u00e9e par l&rsquo;Association des parents d&rsquo;enfants handicap\u00e9s (APEH) avec une vision ambitieuse : cr\u00e9er un espace de r\u00e9pit d\u00e9di\u00e9 aux besoins des familles et de leurs enfants vivant avec une d\u00e9ficience intellectuelle. &hellip;","og_url":"https:\/\/centrelouisebibeau.com\/index.php\/historique\/","article_modified_time":"2024-07-30T19:14:00+00:00","og_image":[{"url":"https:\/\/centrelouisebibeau.com\/wp-content\/uploads\/2024\/07\/Capture-decran-le-2024-07-20-a-16.40.52.png"}],"twitter_card":"summary_large_image","twitter_misc":{"Dur\u00e9e de lecture estim\u00e9e":"3 minutes"},"schema":{"@context":"https:\/\/schema.org","@graph":[{"@type":"WebPage","@id":"https:\/\/centrelouisebibeau.com\/index.php\/historique\/","url":"https:\/\/centrelouisebibeau.com\/index.php\/historique\/","name":"Historique -","isPartOf":{"@id":"https:\/\/centrelouisebibeau.com\/#website"},"datePublished":"2021-01-28T17:22:07+00:00","dateModified":"2024-07-30T19:14:00+00:00","breadcrumb":{"@id":"https:\/\/centrelouisebibeau.com\/index.php\/historique\/#breadcrumb"},"inLanguage":"fr-FR","potentialAction":[{"@type":"ReadAction","target":["https:\/\/centrelouisebibeau.com\/index.php\/historique\/"]}]},{"@type":"BreadcrumbList","@id":"https:\/\/centrelouisebibeau.com\/index.php\/historique\/#breadcrumb","itemListElement":[{"@type":"ListItem","position":1,"name":"Accueil","item":"https:\/\/centrelouisebibeau.com\/"},{"@type":"ListItem","position":2,"name":"Historique"}]},{"@type":"WebSite","@id":"https:\/\/centrelouisebibeau.com\/#website","url":"https:\/\/centrelouisebibeau.com\/","name":"centrelouisebibeau.com","description":"Maison de r\u00e9pit en Mont\u00e9r\u00e9gie","publisher":{"@id":"https:\/\/centrelouisebibeau.com\/#organization"},"potentialAction":[{"@type":"SearchAction","target":{"@type":"EntryPoint","urlTemplate":"https:\/\/centrelouisebibeau.com\/?s={search_term_string}"},"query-input":"required name=search_term_string"}],"inLanguage":"fr-FR"},{"@type":"Organization","@id":"https:\/\/centrelouisebibeau.com\/#organization","name":"Centre Louise Bibeau","url":"https:\/\/centrelouisebibeau.com\/","logo":{"@type":"ImageObject","inLanguage":"fr-FR","@id":"https:\/\/centrelouisebibeau.com\/#\/schema\/logo\/image\/","url":"https:\/\/centrelouisebibeau.com\/wp-content\/uploads\/2024\/01\/cropped-cropped-cropped-Birthday-3-e1705004303694-1.png","contentUrl":"https:\/\/centrelouisebibeau.com\/wp-content\/uploads\/2024\/01\/cropped-cropped-cropped-Birthday-3-e1705004303694-1.png","width":350,"height":350,"caption":"Centre Louise Bibeau"},"image":{"@id":"https:\/\/centrelouisebibeau.com\/#\/schema\/logo\/image\/"}}]}},"_links":{"self":[{"href":"https:\/\/centrelouisebibeau.com\/index.php\/wp-json\/wp\/v2\/pages\/45","targetHints":{"allow":["GET"]}}],"collection":[{"href":"https:\/\/centrelouisebibeau.com\/index.php\/wp-json\/wp\/v2\/pages"}],"about":[{"href":"https:\/\/centrelouisebibeau.com\/index.php\/wp-json\/wp\/v2\/types\/page"}],"author":[{"embeddable":true,"href":"https:\/\/centrelouisebibeau.com\/index.php\/wp-json\/wp\/v2\/users\/1"}],"replies":[{"embeddable":true,"href":"https:\/\/centrelouisebibeau.com\/index.php\/wp-json\/wp\/v2\/comments?post=45"}],"version-history":[{"count":53,"href":"https:\/\/centrelouisebibeau.com\/index.php\/wp-json\/wp\/v2\/pages\/45\/revisions"}],"predecessor-version":[{"id":1737,"href":"https:\/\/centrelouisebibeau.com\/index.php\/wp-json\/wp\/v2\/pages\/45\/revisions\/1737"}],"wp:attachment":[{"href":"https:\/\/centrelouisebibeau.com\/index.php\/wp-json\/wp\/v2\/media?parent=45"}],"curies":[{"name":"wp","href":"https:\/\/api.w.org\/{rel}","templated":true}]}}