{"id":43,"date":"2021-01-28T18:22:04","date_gmt":"2021-01-28T17:22:04","guid":{"rendered":"https:\/\/teste49410456.wordpress.com\/?page_id=43"},"modified":"2021-01-28T18:22:04","modified_gmt":"2021-01-28T17:22:04","slug":"ca","status":"publish","type":"page","link":"https:\/\/centrelouisebibeau.com\/index.php\/ca\/","title":{"rendered":"Conseil d&rsquo;administration"},"content":{"rendered":"\n<div class=\"wp-block-image\"><figure class=\"aligncenter size-large is-resized\"><img loading=\"lazy\" decoding=\"async\" src=\"https:\/\/centrelouisebibeau.com\/wp-content\/uploads\/2021\/01\/centrelouisebibeau_logo-rond.jpg?w=700\" alt=\"\" class=\"wp-image-133\" width=\"371\" height=\"371\" srcset=\"https:\/\/centrelouisebibeau.com\/wp-content\/uploads\/2021\/01\/centrelouisebibeau_logo-rond.jpg 700w, https:\/\/centrelouisebibeau.com\/wp-content\/uploads\/2021\/01\/centrelouisebibeau_logo-rond-300x300.jpg 300w, https:\/\/centrelouisebibeau.com\/wp-content\/uploads\/2021\/01\/centrelouisebibeau_logo-rond-150x150.jpg 150w\" sizes=\"auto, (max-width: 371px) 100vw, 371px\" \/><\/figure><\/div>\n\n\n\n<p class=\"has-text-align-center\">Le Centre Louise Bibeau est g\u00e9r\u00e9 par un Conseil d\u2019administration compos\u00e9 <br>de 7 membres \u00e9lus lors de l\u2019Assembl\u00e9e g\u00e9n\u00e9rale annuelle.\u00a0\u00a0<\/p>\n\n\n\n<p class=\"has-text-align-center\"><strong>Conseil d&rsquo;administration 2018-2019<\/strong><\/p>\n\n\n\n<p class=\"has-text-align-center\"><br><strong>CONSEIL D\u2019ADMINISTRATION<\/strong><br>Serge Lefebvre, pr\u00e9sident<br>Sandra H\u00e9bert, vice-pr\u00e9sident<br>Jos\u00e9e Mathieu,tr\u00e9sori\u00e8re<br>Louise l\u2019Heureux, Secr\u00e9taire<br>Wanga Essango, administratrice<br>C\u00e9cile St-Laurent, administratrice<br>Fran\u00e7oise Caplette, administratrice<\/p>\n\n\n\n<div class=\"wp-block-image\"><figure class=\"aligncenter size-large is-resized\"><img loading=\"lazy\" decoding=\"async\" src=\"https:\/\/centrelouisebibeau.com\/wp-content\/uploads\/2021\/01\/centrelouisebibeau_logo_maison-1.jpg?w=750\" alt=\"\" class=\"wp-image-126\" width=\"145\" height=\"145\" srcset=\"https:\/\/centrelouisebibeau.com\/wp-content\/uploads\/2021\/01\/centrelouisebibeau_logo_maison-1.jpg 1400w, https:\/\/centrelouisebibeau.com\/wp-content\/uploads\/2021\/01\/centrelouisebibeau_logo_maison-1-300x300.jpg 300w, https:\/\/centrelouisebibeau.com\/wp-content\/uploads\/2021\/01\/centrelouisebibeau_logo_maison-1-1024x1024.jpg 1024w, https:\/\/centrelouisebibeau.com\/wp-content\/uploads\/2021\/01\/centrelouisebibeau_logo_maison-1-150x150.jpg 150w, https:\/\/centrelouisebibeau.com\/wp-content\/uploads\/2021\/01\/centrelouisebibeau_logo_maison-1-768x768.jpg 768w\" sizes=\"auto, (max-width: 145px) 100vw, 145px\" \/><\/figure><\/div>\n","protected":false},"excerpt":{"rendered":"<p>Le Centre Louise Bibeau est g\u00e9r\u00e9 par un Conseil d\u2019administration compos\u00e9 de 7 membres \u00e9lus lors de l\u2019Assembl\u00e9e g\u00e9n\u00e9rale annuelle.\u00a0\u00a0 Conseil d&rsquo;administration 2018-2019 CONSEIL D\u2019ADMINISTRATIONSerge Lefebvre, pr\u00e9sidentSandra H\u00e9bert, vice-pr\u00e9sidentJos\u00e9e Mathieu,tr\u00e9sori\u00e8reLouise l\u2019Heureux, Secr\u00e9taireWanga Essango, administratriceC\u00e9cile St-Laurent, administratriceFran\u00e7oise Caplette, administratrice<\/p>\n","protected":false},"author":1,"featured_media":0,"parent":0,"menu_order":0,"comment_status":"closed","ping_status":"closed","template":"","meta":{"footnotes":""},"class_list":["post-43","page","type-page","status-publish","hentry"],"yoast_head":"<!-- This site is optimized with the Yoast SEO plugin v22.0 - https:\/\/yoast.com\/wordpress\/plugins\/seo\/ -->\n<title>Conseil d&#039;administration -<\/title>\n<meta name=\"robots\" content=\"index, follow, max-snippet:-1, max-image-preview:large, max-video-preview:-1\" \/>\n<link rel=\"canonical\" href=\"https:\/\/centrelouisebibeau.com\/index.php\/ca\/\" \/>\n<meta property=\"og:locale\" content=\"fr_FR\" \/>\n<meta property=\"og:type\" content=\"article\" \/>\n<meta property=\"og:title\" content=\"Conseil d&#039;administration -\" \/>\n<meta property=\"og:description\" content=\"Le Centre Louise Bibeau est g\u00e9r\u00e9 par un Conseil d\u2019administration compos\u00e9 de 7 membres \u00e9lus lors de l\u2019Assembl\u00e9e g\u00e9n\u00e9rale annuelle.\u00a0\u00a0 Conseil d&rsquo;administration 2018-2019 CONSEIL D\u2019ADMINISTRATIONSerge Lefebvre, pr\u00e9sidentSandra H\u00e9bert, vice-pr\u00e9sidentJos\u00e9e Mathieu,tr\u00e9sori\u00e8reLouise l\u2019Heureux, Secr\u00e9taireWanga Essango, administratriceC\u00e9cile St-Laurent, administratriceFran\u00e7oise Caplette, administratrice\" \/>\n<meta property=\"og:url\" content=\"https:\/\/centrelouisebibeau.com\/index.php\/ca\/\" \/>\n<meta property=\"og:image\" content=\"http:\/\/centrelouisebibeau.com\/wp-content\/uploads\/2021\/01\/centrelouisebibeau_logo-rond.jpg?w=700\" \/>\n<meta name=\"twitter:card\" content=\"summary_large_image\" \/>\n<script type=\"application\/ld+json\" class=\"yoast-schema-graph\">{\"@context\":\"https:\/\/schema.org\",\"@graph\":[{\"@type\":\"WebPage\",\"@id\":\"https:\/\/centrelouisebibeau.com\/index.php\/ca\/\",\"url\":\"https:\/\/centrelouisebibeau.com\/index.php\/ca\/\",\"name\":\"Conseil d'administration -\",\"isPartOf\":{\"@id\":\"https:\/\/centrelouisebibeau.com\/#website\"},\"datePublished\":\"2021-01-28T17:22:04+00:00\",\"dateModified\":\"2021-01-28T17:22:04+00:00\",\"breadcrumb\":{\"@id\":\"https:\/\/centrelouisebibeau.com\/index.php\/ca\/#breadcrumb\"},\"inLanguage\":\"fr-FR\",\"potentialAction\":[{\"@type\":\"ReadAction\",\"target\":[\"https:\/\/centrelouisebibeau.com\/index.php\/ca\/\"]}]},{\"@type\":\"BreadcrumbList\",\"@id\":\"https:\/\/centrelouisebibeau.com\/index.php\/ca\/#breadcrumb\",\"itemListElement\":[{\"@type\":\"ListItem\",\"position\":1,\"name\":\"Accueil\",\"item\":\"https:\/\/centrelouisebibeau.com\/\"},{\"@type\":\"ListItem\",\"position\":2,\"name\":\"Conseil d&rsquo;administration\"}]},{\"@type\":\"WebSite\",\"@id\":\"https:\/\/centrelouisebibeau.com\/#website\",\"url\":\"https:\/\/centrelouisebibeau.com\/\",\"name\":\"centrelouisebibeau.com\",\"description\":\"Maison de r\u00e9pit en Mont\u00e9r\u00e9gie\",\"publisher\":{\"@id\":\"https:\/\/centrelouisebibeau.com\/#organization\"},\"potentialAction\":[{\"@type\":\"SearchAction\",\"target\":{\"@type\":\"EntryPoint\",\"urlTemplate\":\"https:\/\/centrelouisebibeau.com\/?s={search_term_string}\"},\"query-input\":\"required name=search_term_string\"}],\"inLanguage\":\"fr-FR\"},{\"@type\":\"Organization\",\"@id\":\"https:\/\/centrelouisebibeau.com\/#organization\",\"name\":\"Centre Louise Bibeau\",\"url\":\"https:\/\/centrelouisebibeau.com\/\",\"logo\":{\"@type\":\"ImageObject\",\"inLanguage\":\"fr-FR\",\"@id\":\"https:\/\/centrelouisebibeau.com\/#\/schema\/logo\/image\/\",\"url\":\"https:\/\/centrelouisebibeau.com\/wp-content\/uploads\/2024\/01\/cropped-cropped-cropped-Birthday-3-e1705004303694-1.png\",\"contentUrl\":\"https:\/\/centrelouisebibeau.com\/wp-content\/uploads\/2024\/01\/cropped-cropped-cropped-Birthday-3-e1705004303694-1.png\",\"width\":350,\"height\":350,\"caption\":\"Centre Louise Bibeau\"},\"image\":{\"@id\":\"https:\/\/centrelouisebibeau.com\/#\/schema\/logo\/image\/\"}}]}<\/script>\n<!-- \/ Yoast SEO plugin. -->","yoast_head_json":{"title":"Conseil d'administration -","robots":{"index":"index","follow":"follow","max-snippet":"max-snippet:-1","max-image-preview":"max-image-preview:large","max-video-preview":"max-video-preview:-1"},"canonical":"https:\/\/centrelouisebibeau.com\/index.php\/ca\/","og_locale":"fr_FR","og_type":"article","og_title":"Conseil d'administration -","og_description":"Le Centre Louise Bibeau est g\u00e9r\u00e9 par un Conseil d\u2019administration compos\u00e9 de 7 membres \u00e9lus lors de l\u2019Assembl\u00e9e g\u00e9n\u00e9rale annuelle.\u00a0\u00a0 Conseil d&rsquo;administration 2018-2019 CONSEIL D\u2019ADMINISTRATIONSerge Lefebvre, pr\u00e9sidentSandra H\u00e9bert, vice-pr\u00e9sidentJos\u00e9e Mathieu,tr\u00e9sori\u00e8reLouise l\u2019Heureux, Secr\u00e9taireWanga Essango, administratriceC\u00e9cile St-Laurent, administratriceFran\u00e7oise Caplette, administratrice","og_url":"https:\/\/centrelouisebibeau.com\/index.php\/ca\/","og_image":[{"url":"http:\/\/centrelouisebibeau.com\/wp-content\/uploads\/2021\/01\/centrelouisebibeau_logo-rond.jpg?w=700"}],"twitter_card":"summary_large_image","schema":{"@context":"https:\/\/schema.org","@graph":[{"@type":"WebPage","@id":"https:\/\/centrelouisebibeau.com\/index.php\/ca\/","url":"https:\/\/centrelouisebibeau.com\/index.php\/ca\/","name":"Conseil d'administration -","isPartOf":{"@id":"https:\/\/centrelouisebibeau.com\/#website"},"datePublished":"2021-01-28T17:22:04+00:00","dateModified":"2021-01-28T17:22:04+00:00","breadcrumb":{"@id":"https:\/\/centrelouisebibeau.com\/index.php\/ca\/#breadcrumb"},"inLanguage":"fr-FR","potentialAction":[{"@type":"ReadAction","target":["https:\/\/centrelouisebibeau.com\/index.php\/ca\/"]}]},{"@type":"BreadcrumbList","@id":"https:\/\/centrelouisebibeau.com\/index.php\/ca\/#breadcrumb","itemListElement":[{"@type":"ListItem","position":1,"name":"Accueil","item":"https:\/\/centrelouisebibeau.com\/"},{"@type":"ListItem","position":2,"name":"Conseil d&rsquo;administration"}]},{"@type":"WebSite","@id":"https:\/\/centrelouisebibeau.com\/#website","url":"https:\/\/centrelouisebibeau.com\/","name":"centrelouisebibeau.com","description":"Maison de r\u00e9pit en Mont\u00e9r\u00e9gie","publisher":{"@id":"https:\/\/centrelouisebibeau.com\/#organization"},"potentialAction":[{"@type":"SearchAction","target":{"@type":"EntryPoint","urlTemplate":"https:\/\/centrelouisebibeau.com\/?s={search_term_string}"},"query-input":"required name=search_term_string"}],"inLanguage":"fr-FR"},{"@type":"Organization","@id":"https:\/\/centrelouisebibeau.com\/#organization","name":"Centre Louise Bibeau","url":"https:\/\/centrelouisebibeau.com\/","logo":{"@type":"ImageObject","inLanguage":"fr-FR","@id":"https:\/\/centrelouisebibeau.com\/#\/schema\/logo\/image\/","url":"https:\/\/centrelouisebibeau.com\/wp-content\/uploads\/2024\/01\/cropped-cropped-cropped-Birthday-3-e1705004303694-1.png","contentUrl":"https:\/\/centrelouisebibeau.com\/wp-content\/uploads\/2024\/01\/cropped-cropped-cropped-Birthday-3-e1705004303694-1.png","width":350,"height":350,"caption":"Centre Louise Bibeau"},"image":{"@id":"https:\/\/centrelouisebibeau.com\/#\/schema\/logo\/image\/"}}]}},"_links":{"self":[{"href":"https:\/\/centrelouisebibeau.com\/index.php\/wp-json\/wp\/v2\/pages\/43","targetHints":{"allow":["GET"]}}],"collection":[{"href":"https:\/\/centrelouisebibeau.com\/index.php\/wp-json\/wp\/v2\/pages"}],"about":[{"href":"https:\/\/centrelouisebibeau.com\/index.php\/wp-json\/wp\/v2\/types\/page"}],"author":[{"embeddable":true,"href":"https:\/\/centrelouisebibeau.com\/index.php\/wp-json\/wp\/v2\/users\/1"}],"replies":[{"embeddable":true,"href":"https:\/\/centrelouisebibeau.com\/index.php\/wp-json\/wp\/v2\/comments?post=43"}],"version-history":[{"count":0,"href":"https:\/\/centrelouisebibeau.com\/index.php\/wp-json\/wp\/v2\/pages\/43\/revisions"}],"wp:attachment":[{"href":"https:\/\/centrelouisebibeau.com\/index.php\/wp-json\/wp\/v2\/media?parent=43"}],"curies":[{"name":"wp","href":"https:\/\/api.w.org\/{rel}","templated":true}]}}