{"id":42,"date":"2021-01-28T18:22:02","date_gmt":"2021-01-28T17:22:02","guid":{"rendered":"https:\/\/teste49410456.wordpress.com\/?page_id=42"},"modified":"2021-01-28T18:22:02","modified_gmt":"2021-01-28T17:22:02","slug":"direction","status":"publish","type":"page","link":"https:\/\/centrelouisebibeau.com\/index.php\/direction\/","title":{"rendered":"Direction"},"content":{"rendered":"\n<div class=\"wp-block-image\"><figure class=\"aligncenter size-large\"><img loading=\"lazy\" decoding=\"async\" width=\"200\" height=\"300\" src=\"https:\/\/centrelouisebibeau.com\/wp-content\/uploads\/2021\/01\/carole.jpg?w=200\" alt=\"\" class=\"wp-image-173\" \/><figcaption><strong><span class=\"uppercase\">Madame Carole Dubuc<br><\/span><\/strong>Directrice G\u00e9n\u00e9rale du <br>Centre Louise Bibeau <br>depuis 2007<\/figcaption><\/figure><\/div>\n\n\n\n<p>\u00ab<em>Pour moi, le bien-\u00eatre va bien au-del\u00e0 des soins de base. Le respect et l\u2019amour sont au premier plan dans ma vie personnelle comme dans ma vie professionnelle! Au centre, mes journ\u00e9es sont parsem\u00e9es de sourires, de c\u00e2lins et de \u00ab je t\u2019aime \u00bb. <\/em><br><em>Je suis vraiment combl\u00e9e!<\/em><strong>\u00a0<\/strong>\u00bb<\/p>\n\n\n\n<p>Bonjour \u00e0 vous,<\/p>\n\n\n\n<p>Toute l\u2019\u00e9quipe du Centre Louise Bibeau a comme cible commune, le bien-\u00eatre des usagers de nos services.&nbsp;<\/p>\n\n\n\n<p>Bien que j\u2019aie la responsabilit\u00e9 de tout coordonner, l\u2019atteinte de cet objectif ne peut se r\u00e9aliser sans l\u2019enti\u00e8re collaboration des familles ainsi que celle des employ\u00e9s et du Conseil d\u2019administration\u2026 Un travail d\u2019\u00e9quipe quoi!<\/p>\n\n\n\n<p>Au plaisir de vous rencontrer,<\/p>\n\n\n\n<p>Carole Dubuc, Directrice G\u00e9n\u00e9rale<\/p>\n\n\n\n<p><a href=\"http:\/\/www.centrelouisebibeau.com\/Centre_Louise_Bibeau\/Coordonnees.html\">Pour un rendez-vous<\/a><\/p>\n\n\n\n<div class=\"wp-block-image\"><figure class=\"aligncenter size-large is-resized\"><img loading=\"lazy\" decoding=\"async\" src=\"https:\/\/centrelouisebibeau.com\/wp-content\/uploads\/2021\/01\/centrelouisebibeau_logo_maison-2.jpg?w=750\" alt=\"\" class=\"wp-image-140\" width=\"119\" height=\"119\" srcset=\"https:\/\/centrelouisebibeau.com\/wp-content\/uploads\/2021\/01\/centrelouisebibeau_logo_maison-2.jpg 1400w, https:\/\/centrelouisebibeau.com\/wp-content\/uploads\/2021\/01\/centrelouisebibeau_logo_maison-2-300x300.jpg 300w, https:\/\/centrelouisebibeau.com\/wp-content\/uploads\/2021\/01\/centrelouisebibeau_logo_maison-2-1024x1024.jpg 1024w, https:\/\/centrelouisebibeau.com\/wp-content\/uploads\/2021\/01\/centrelouisebibeau_logo_maison-2-150x150.jpg 150w, https:\/\/centrelouisebibeau.com\/wp-content\/uploads\/2021\/01\/centrelouisebibeau_logo_maison-2-768x768.jpg 768w\" sizes=\"auto, (max-width: 119px) 100vw, 119px\" \/><\/figure><\/div>\n\n\n\n<p><\/p>\n","protected":false},"excerpt":{"rendered":"<p>\u00abPour moi, le bien-\u00eatre va bien au-del\u00e0 des soins de base. Le respect et l\u2019amour sont au premier plan dans ma vie personnelle comme dans ma vie professionnelle! Au centre, mes journ\u00e9es sont parsem\u00e9es de sourires, de c\u00e2lins et de \u00ab je t\u2019aime \u00bb. Je suis vraiment combl\u00e9e!\u00a0\u00bb Bonjour \u00e0 vous, Toute l\u2019\u00e9quipe du Centre Louise Bibeau a comme cible &hellip; <\/p>\n","protected":false},"author":1,"featured_media":0,"parent":0,"menu_order":0,"comment_status":"closed","ping_status":"closed","template":"","meta":{"footnotes":""},"class_list":["post-42","page","type-page","status-publish","hentry"],"yoast_head":"<!-- This site is optimized with the Yoast SEO plugin v22.0 - https:\/\/yoast.com\/wordpress\/plugins\/seo\/ -->\n<title>Direction -<\/title>\n<meta name=\"robots\" content=\"index, follow, max-snippet:-1, max-image-preview:large, max-video-preview:-1\" \/>\n<link rel=\"canonical\" href=\"https:\/\/centrelouisebibeau.com\/index.php\/direction\/\" \/>\n<meta property=\"og:locale\" content=\"fr_FR\" \/>\n<meta property=\"og:type\" content=\"article\" \/>\n<meta property=\"og:title\" content=\"Direction -\" \/>\n<meta property=\"og:description\" content=\"\u00abPour moi, le bien-\u00eatre va bien au-del\u00e0 des soins de base. Le respect et l\u2019amour sont au premier plan dans ma vie personnelle comme dans ma vie professionnelle! Au centre, mes journ\u00e9es sont parsem\u00e9es de sourires, de c\u00e2lins et de \u00ab je t\u2019aime \u00bb. Je suis vraiment combl\u00e9e!\u00a0\u00bb Bonjour \u00e0 vous, Toute l\u2019\u00e9quipe du Centre Louise Bibeau a comme cible &hellip;\" \/>\n<meta property=\"og:url\" content=\"https:\/\/centrelouisebibeau.com\/index.php\/direction\/\" \/>\n<meta property=\"og:image\" content=\"http:\/\/centrelouisebibeau.com\/wp-content\/uploads\/2021\/01\/carole.jpg?w=200\" \/>\n<meta name=\"twitter:card\" content=\"summary_large_image\" \/>\n<meta name=\"twitter:label1\" content=\"Dur\u00e9e de lecture estim\u00e9e\" \/>\n\t<meta name=\"twitter:data1\" content=\"1 minute\" \/>\n<script type=\"application\/ld+json\" class=\"yoast-schema-graph\">{\"@context\":\"https:\/\/schema.org\",\"@graph\":[{\"@type\":\"WebPage\",\"@id\":\"https:\/\/centrelouisebibeau.com\/index.php\/direction\/\",\"url\":\"https:\/\/centrelouisebibeau.com\/index.php\/direction\/\",\"name\":\"Direction -\",\"isPartOf\":{\"@id\":\"https:\/\/centrelouisebibeau.com\/#website\"},\"datePublished\":\"2021-01-28T17:22:02+00:00\",\"dateModified\":\"2021-01-28T17:22:02+00:00\",\"breadcrumb\":{\"@id\":\"https:\/\/centrelouisebibeau.com\/index.php\/direction\/#breadcrumb\"},\"inLanguage\":\"fr-FR\",\"potentialAction\":[{\"@type\":\"ReadAction\",\"target\":[\"https:\/\/centrelouisebibeau.com\/index.php\/direction\/\"]}]},{\"@type\":\"BreadcrumbList\",\"@id\":\"https:\/\/centrelouisebibeau.com\/index.php\/direction\/#breadcrumb\",\"itemListElement\":[{\"@type\":\"ListItem\",\"position\":1,\"name\":\"Accueil\",\"item\":\"https:\/\/centrelouisebibeau.com\/\"},{\"@type\":\"ListItem\",\"position\":2,\"name\":\"Direction\"}]},{\"@type\":\"WebSite\",\"@id\":\"https:\/\/centrelouisebibeau.com\/#website\",\"url\":\"https:\/\/centrelouisebibeau.com\/\",\"name\":\"centrelouisebibeau.com\",\"description\":\"Maison de r\u00e9pit en Mont\u00e9r\u00e9gie\",\"publisher\":{\"@id\":\"https:\/\/centrelouisebibeau.com\/#organization\"},\"potentialAction\":[{\"@type\":\"SearchAction\",\"target\":{\"@type\":\"EntryPoint\",\"urlTemplate\":\"https:\/\/centrelouisebibeau.com\/?s={search_term_string}\"},\"query-input\":\"required name=search_term_string\"}],\"inLanguage\":\"fr-FR\"},{\"@type\":\"Organization\",\"@id\":\"https:\/\/centrelouisebibeau.com\/#organization\",\"name\":\"Centre Louise Bibeau\",\"url\":\"https:\/\/centrelouisebibeau.com\/\",\"logo\":{\"@type\":\"ImageObject\",\"inLanguage\":\"fr-FR\",\"@id\":\"https:\/\/centrelouisebibeau.com\/#\/schema\/logo\/image\/\",\"url\":\"https:\/\/centrelouisebibeau.com\/wp-content\/uploads\/2024\/01\/cropped-cropped-cropped-Birthday-3-e1705004303694-1.png\",\"contentUrl\":\"https:\/\/centrelouisebibeau.com\/wp-content\/uploads\/2024\/01\/cropped-cropped-cropped-Birthday-3-e1705004303694-1.png\",\"width\":350,\"height\":350,\"caption\":\"Centre Louise Bibeau\"},\"image\":{\"@id\":\"https:\/\/centrelouisebibeau.com\/#\/schema\/logo\/image\/\"}}]}<\/script>\n<!-- \/ Yoast SEO plugin. -->","yoast_head_json":{"title":"Direction -","robots":{"index":"index","follow":"follow","max-snippet":"max-snippet:-1","max-image-preview":"max-image-preview:large","max-video-preview":"max-video-preview:-1"},"canonical":"https:\/\/centrelouisebibeau.com\/index.php\/direction\/","og_locale":"fr_FR","og_type":"article","og_title":"Direction -","og_description":"\u00abPour moi, le bien-\u00eatre va bien au-del\u00e0 des soins de base. Le respect et l\u2019amour sont au premier plan dans ma vie personnelle comme dans ma vie professionnelle! Au centre, mes journ\u00e9es sont parsem\u00e9es de sourires, de c\u00e2lins et de \u00ab je t\u2019aime \u00bb. Je suis vraiment combl\u00e9e!\u00a0\u00bb Bonjour \u00e0 vous, Toute l\u2019\u00e9quipe du Centre Louise Bibeau a comme cible &hellip;","og_url":"https:\/\/centrelouisebibeau.com\/index.php\/direction\/","og_image":[{"url":"http:\/\/centrelouisebibeau.com\/wp-content\/uploads\/2021\/01\/carole.jpg?w=200"}],"twitter_card":"summary_large_image","twitter_misc":{"Dur\u00e9e de lecture estim\u00e9e":"1 minute"},"schema":{"@context":"https:\/\/schema.org","@graph":[{"@type":"WebPage","@id":"https:\/\/centrelouisebibeau.com\/index.php\/direction\/","url":"https:\/\/centrelouisebibeau.com\/index.php\/direction\/","name":"Direction -","isPartOf":{"@id":"https:\/\/centrelouisebibeau.com\/#website"},"datePublished":"2021-01-28T17:22:02+00:00","dateModified":"2021-01-28T17:22:02+00:00","breadcrumb":{"@id":"https:\/\/centrelouisebibeau.com\/index.php\/direction\/#breadcrumb"},"inLanguage":"fr-FR","potentialAction":[{"@type":"ReadAction","target":["https:\/\/centrelouisebibeau.com\/index.php\/direction\/"]}]},{"@type":"BreadcrumbList","@id":"https:\/\/centrelouisebibeau.com\/index.php\/direction\/#breadcrumb","itemListElement":[{"@type":"ListItem","position":1,"name":"Accueil","item":"https:\/\/centrelouisebibeau.com\/"},{"@type":"ListItem","position":2,"name":"Direction"}]},{"@type":"WebSite","@id":"https:\/\/centrelouisebibeau.com\/#website","url":"https:\/\/centrelouisebibeau.com\/","name":"centrelouisebibeau.com","description":"Maison de r\u00e9pit en Mont\u00e9r\u00e9gie","publisher":{"@id":"https:\/\/centrelouisebibeau.com\/#organization"},"potentialAction":[{"@type":"SearchAction","target":{"@type":"EntryPoint","urlTemplate":"https:\/\/centrelouisebibeau.com\/?s={search_term_string}"},"query-input":"required name=search_term_string"}],"inLanguage":"fr-FR"},{"@type":"Organization","@id":"https:\/\/centrelouisebibeau.com\/#organization","name":"Centre Louise Bibeau","url":"https:\/\/centrelouisebibeau.com\/","logo":{"@type":"ImageObject","inLanguage":"fr-FR","@id":"https:\/\/centrelouisebibeau.com\/#\/schema\/logo\/image\/","url":"https:\/\/centrelouisebibeau.com\/wp-content\/uploads\/2024\/01\/cropped-cropped-cropped-Birthday-3-e1705004303694-1.png","contentUrl":"https:\/\/centrelouisebibeau.com\/wp-content\/uploads\/2024\/01\/cropped-cropped-cropped-Birthday-3-e1705004303694-1.png","width":350,"height":350,"caption":"Centre Louise Bibeau"},"image":{"@id":"https:\/\/centrelouisebibeau.com\/#\/schema\/logo\/image\/"}}]}},"_links":{"self":[{"href":"https:\/\/centrelouisebibeau.com\/index.php\/wp-json\/wp\/v2\/pages\/42","targetHints":{"allow":["GET"]}}],"collection":[{"href":"https:\/\/centrelouisebibeau.com\/index.php\/wp-json\/wp\/v2\/pages"}],"about":[{"href":"https:\/\/centrelouisebibeau.com\/index.php\/wp-json\/wp\/v2\/types\/page"}],"author":[{"embeddable":true,"href":"https:\/\/centrelouisebibeau.com\/index.php\/wp-json\/wp\/v2\/users\/1"}],"replies":[{"embeddable":true,"href":"https:\/\/centrelouisebibeau.com\/index.php\/wp-json\/wp\/v2\/comments?post=42"}],"version-history":[{"count":0,"href":"https:\/\/centrelouisebibeau.com\/index.php\/wp-json\/wp\/v2\/pages\/42\/revisions"}],"wp:attachment":[{"href":"https:\/\/centrelouisebibeau.com\/index.php\/wp-json\/wp\/v2\/media?parent=42"}],"curies":[{"name":"wp","href":"https:\/\/api.w.org\/{rel}","templated":true}]}}

<div class="wp-block-image"><figure class="aligncenter size-large"><img loading="lazy" decoding="async" width="200" height="300" src="https://centrelouisebibeau.com/wp-content/uploads/2021/01/carole.jpg?w=200" alt="" class="wp-image-173" /><figcaption><strong><span class="uppercase">Madame Carole Dubuc<br></span></strong>Directrice Générale du <br>Centre Louise Bibeau <br>depuis 2007</figcaption></figure></div>



<p>«<em>Pour moi, le bien-être va bien au-delà des soins de base. Le respect et l’amour sont au premier plan dans ma vie personnelle comme dans ma vie professionnelle! Au centre, mes journées sont parsemées de sourires, de câlins et de « je t’aime ». </em><br><em>Je suis vraiment comblée!</em><strong> </strong>»</p>



<p>Bonjour à vous,</p>



<p>Toute l’équipe du Centre Louise Bibeau a comme cible commune, le bien-être des usagers de nos services.&nbsp;</p>



<p>Bien que j’aie la responsabilité de tout coordonner, l’atteinte de cet objectif ne peut se réaliser sans l’entière collaboration des familles ainsi que celle des employés et du Conseil d’administration… Un travail d’équipe quoi!</p>



<p>Au plaisir de vous rencontrer,</p>



<p>Carole Dubuc, Directrice Générale</p>



<p><a href="http://www.centrelouisebibeau.com/Centre_Louise_Bibeau/Coordonnees.html">Pour un rendez-vous</a></p>



<div class="wp-block-image"><figure class="aligncenter size-large is-resized"><img loading="lazy" decoding="async" src="https://centrelouisebibeau.com/wp-content/uploads/2021/01/centrelouisebibeau_logo_maison-2.jpg?w=750" alt="" class="wp-image-140" width="119" height="119" srcset="https://centrelouisebibeau.com/wp-content/uploads/2021/01/centrelouisebibeau_logo_maison-2.jpg 1400w, https://centrelouisebibeau.com/wp-content/uploads/2021/01/centrelouisebibeau_logo_maison-2-300x300.jpg 300w, https://centrelouisebibeau.com/wp-content/uploads/2021/01/centrelouisebibeau_logo_maison-2-1024x1024.jpg 1024w, https://centrelouisebibeau.com/wp-content/uploads/2021/01/centrelouisebibeau_logo_maison-2-150x150.jpg 150w, https://centrelouisebibeau.com/wp-content/uploads/2021/01/centrelouisebibeau_logo_maison-2-768x768.jpg 768w" sizes="auto, (max-width: 119px) 100vw, 119px" /></figure></div>



<p></p>

<p>«Pour moi, le bien-être va bien au-delà des soins de base. Le respect et l’amour sont au premier plan dans ma vie personnelle comme dans ma vie professionnelle! Au centre, mes journées sont parsemées de sourires, de câlins et de « je t’aime ». Je suis vraiment comblée! » Bonjour à vous, Toute l’équipe du Centre Louise Bibeau a comme cible &hellip; </p>

<!-- This site is optimized with the Yoast SEO plugin v22.0 - https://yoast.com/wordpress/plugins/seo/ -->
<title>Direction -</title>
<meta name="robots" content="index, follow, max-snippet:-1, max-image-preview:large, max-video-preview:-1" />
<link rel="canonical" href="https://centrelouisebibeau.com/index.php/direction/" />
<meta property="og:locale" content="fr_FR" />
<meta property="og:type" content="article" />
<meta property="og:title" content="Direction -" />
<meta property="og:description" content="«Pour moi, le bien-être va bien au-delà des soins de base. Le respect et l’amour sont au premier plan dans ma vie personnelle comme dans ma vie professionnelle! Au centre, mes journées sont parsemées de sourires, de câlins et de « je t’aime ». Je suis vraiment comblée! » Bonjour à vous, Toute l’équipe du Centre Louise Bibeau a comme cible &hellip;" />
<meta property="og:url" content="https://centrelouisebibeau.com/index.php/direction/" />
<meta property="og:image" content="http://centrelouisebibeau.com/wp-content/uploads/2021/01/carole.jpg?w=200" />
<meta name="twitter:card" content="summary_large_image" />
<meta name="twitter:label1" content="Durée de lecture estimée" />
	<meta name="twitter:data1" content="1 minute" />
<script type="application/ld+json" class="yoast-schema-graph">{"@context":"https://schema.org","@graph":[{"@type":"WebPage","@id":"https://centrelouisebibeau.com/index.php/direction/","url":"https://centrelouisebibeau.com/index.php/direction/","name":"Direction -","isPartOf":{"@id":"https://centrelouisebibeau.com/#website"},"datePublished":"2021-01-28T17:22:02+00:00","dateModified":"2021-01-28T17:22:02+00:00","breadcrumb":{"@id":"https://centrelouisebibeau.com/index.php/direction/#breadcrumb"},"inLanguage":"fr-FR","potentialAction":[{"@type":"ReadAction","target":["https://centrelouisebibeau.com/index.php/direction/"]}]},{"@type":"BreadcrumbList","@id":"https://centrelouisebibeau.com/index.php/direction/#breadcrumb","itemListElement":[{"@type":"ListItem","position":1,"name":"Accueil","item":"https://centrelouisebibeau.com/"},{"@type":"ListItem","position":2,"name":"Direction"}]},{"@type":"WebSite","@id":"https://centrelouisebibeau.com/#website","url":"https://centrelouisebibeau.com/","name":"centrelouisebibeau.com","description":"Maison de répit en Montérégie","publisher":{"@id":"https://centrelouisebibeau.com/#organization"},"potentialAction":[{"@type":"SearchAction","target":{"@type":"EntryPoint","urlTemplate":"https://centrelouisebibeau.com/?s={search_term_string}"},"query-input":"required name=search_term_string"}],"inLanguage":"fr-FR"},{"@type":"Organization","@id":"https://centrelouisebibeau.com/#organization","name":"Centre Louise Bibeau","url":"https://centrelouisebibeau.com/","logo":{"@type":"ImageObject","inLanguage":"fr-FR","@id":"https://centrelouisebibeau.com/#/schema/logo/image/","url":"https://centrelouisebibeau.com/wp-content/uploads/2024/01/cropped-cropped-cropped-Birthday-3-e1705004303694-1.png","contentUrl":"https://centrelouisebibeau.com/wp-content/uploads/2024/01/cropped-cropped-cropped-Birthday-3-e1705004303694-1.png","width":350,"height":350,"caption":"Centre Louise Bibeau"},"image":{"@id":"https://centrelouisebibeau.com/#/schema/logo/image/"}}]}</script>
<!-- / Yoast SEO plugin. -->

«Pour moi, le bien-être va bien au-delà des soins de base. Le respect et l’amour sont au premier plan dans ma vie personnelle comme dans ma vie professionnelle! Au centre, mes journées sont parsemées de sourires, de câlins et de « je t’aime ». Je suis vraiment comblée! » Bonjour à vous, Toute l’équipe du Centre Louise Bibeau a comme cible &hellip;

Maison de répit en Montérégie
